 (1/(-3))/((-4)/12)?
0
Suppose -5*l = -28 - 22. Let y = -746 - -784. What is the remainder when y is divided by l?
8
What is the remainder when 65 is divided by 69/(-2)*(-38)/57?
19
Let s(n) = n + 1. Let j be s(3). Suppose j*a = -p + 22, -2*p - 5*a - 16 = -54. Calculate the remainder when p is divided by 8.
6
Suppose -27 = -5*f + 18. What is the remainder when 25 is divided by f?
7
Suppose -7*l - 34 = -9*l. Calculate the remainder when l is divided by 10.
7
Suppose 0 = -3*x - 2*x, -3*o - x = -129. Suppose o = 5*j + 2*k, 0*k - 2*k = 2*j - 16. Calculate the remainder when 25 is divided by j.
7
Let n be 0 + (-1 - (1 - 2)). Suppose -u + n*u = -12. Suppose -3*r + 73 - 4 = 0. Calculate the remainder when r is divided by u.
11
Suppose h + h = 10. Suppose -54 = -h*y + 1. What is the remainder when 43 is divided by y?
10
Suppose -540 = -5*h + 5*y, h - 2*y - 42 - 63 = 0. Calculate the remainder when h is divided by 41.
29
Suppose -5*l + 3*p + 42 = -0*l, 10 = -l - 4*p. Calculate the remainder when 2/(-3 + 4)*5 is divided by l.
4
Let h(s) = 2*s**3 + 1. Let j be h(1). Suppose m + j*m = 24. Suppose 3*u - 2*u - 22 = -2*f, -3*f - 23 = -2*u. What is the remainder when u is divided by m?
4
Let b(k) = 29*k + 1. Let z be b(3). Suppose o = -o + 3*g + 82, -82 = -2*o - g. What is the remainder when o is divided by 2/(-3) + z/6?
13
Let h(x) = 11*x + 22. Calculate the remainder when h(10) is divided by 17.
13
Calculate the remainder when 5*-9*(-14)/15 is divided by 15.
12
Suppose 0 = -2*x + 5*z - 5, z + 4*z - 75 = -5*x. What is the remainder when (16/(-5))/((-2)/x) is divided by 9?
7
Let w = 47 - -5. Suppose 6*y - w = 2*y. What is the remainder when y is divided by 7?
6
Let l = 106 - 55. Suppose 4*f + 4*c - 56 + 4 = 0, -5*f + 2*c = -l. Calculate the remainder when 4/(-18) - (-364)/18 is divided by f.
9
Suppose 0*d = -d + 34. Let h(l) = l**3 + l**2 + 2*l + 2. Let v be h(-3). Let r = v + d. Calculate the remainder when 33 is divided by r.
9
Let g(y) = 19*y + 4. What is the remainder when 125 is divided by g(2)?
41
Suppose 6*n + 14 = 4*n. Let z = 9 + n. Suppose -4*a + 2*a = -8. Calculate the remainder when a is divided by z.
0
Suppose f - 5*j = -j - 26, 3*f + 57 = 5*j. Let d = f - -39. Calculate the remainder when d is divided by 9.
7
Let d(p) = 7*p + 4. Let v(t) = -8*t - 4. Let w(m) = -7*d(m) - 6*v(m). Let o be w(0). Calculate the remainder when 28 is divided by o/2*15/(-2).
13
Let p(i) = i**2 + 44. Suppose -2*c - 5*n - 10 = 0, -5*n - 3 - 7 = 4*c. What is the remainder when p(c) is divided by 23?
21
Suppose -4*i = -2*j - 18, 2*i + i + 3*j = 36. What is the remainder when 17 is divided by i?
3
What is the remainder when 43 is divided by -2 + 24/4 + 18?
21
Suppose -36 = 8*n - 12*n. Calculate the remainder when n is divided by 6.
3
Let g(s) = 35*s**2 + 2*s. What is the remainder when g(1) is divided by 13?
11
Let c be (2/4)/((-3)/(-12)). Let u = 1 + c. Suppose l - 61 + 19 = -5*a, -u*l = -6. Calculate the remainder when 21 is divided by a.
5
What is the remainder when 116 is divided by 0 - (-14 - -1) - (-72)/(-18)?
8
Suppose -497*z = -485*z - 120. Let g(k) = k**2 + 3*k - 1. What is the remainder when g(-6) is divided by z?
7
Suppose 3 = d + 4. Let k = d - -13. Suppose -w - 5*a = -2*a - 16, 3*a = 3*w - 72. What is the remainder when w is divided by k?
10
Suppose 6 = -0*g + 2*g. What is the remainder when 11 is divided by g?
2
Let o be 3/(3 + 1 + -1). Let x(h) = 14*h - 1. Calculate the remainder when 25 is divided by x(o).
12
Let u be -15*(30/(-9) - -3). What is the remainder when 43 is divided by 5*u + (-24)/8?
21
Let o(c) = 13*c**2 - 10*c + 16. Calculate the remainder when o(2) is divided by 13.
9
Let h = -3 + 4. Let t be (1 - h - 2)/1. What is the remainder when (-1)/(19/(-9) - t) is divided by 5?
4
Let f = 3 - 0. Let u be 1/((4 - 2) + -3) - -6. Suppose -3*j - u = -q, -f*j + 9 = -6. Calculate the remainder when 57 is divided by q.
17
Let h be (-3)/(-4) - (-22)/(-8). Calculate the remainder when 25 is divided by 4/(4 + h) + 5.
4
Let s be ((-2)/(-3))/((-10)/45). What is the remainder when ((-3)/2)/(s/44) is divided by 8?
6
Suppose -t = 4*h - 16, 4*t + 2*h - 4 = -2*h. Calculate the remainder when 30 is divided by 440/28 + t/(-14).
14
Suppose -5*h = z - 44, -4*z + 4*h - 5*h + 119 = 0. Let m = 2 - 0. Suppose 0 = m*y - 25 + 5. Calculate the remainder when z is divided by y.
9
Let p = -8 + 17. What is the remainder when 25 is divided by p?
7
Let s = 47 - 30. Suppose -2*f = f - 15. Calculate the remainder when s is divided by f.
2
Let y = -27 - -38. Let m(o) = -o**2 - 5*o - 1. Let z be m(-4). Suppose 7*i - 2*i + 4*b - 84 = 0, -z*i + 4*b = -76. What is the remainder when i is divided by y?
9
Let g(r) = r**2 + 2*r + 1. Let z be g(-3). Suppose q - z = -3*q. Calculate the remainder when 1 is divided by q.
0
Let m(n) = n**3 - 2*n**2 - 6. Let c be m(3). Suppose -2*v - 11 + 79 = c*b, 5*b = -3*v + 113. What is the remainder when 65 is divided by b?
21
Suppose -4*w + 160 = 56. Suppose -2*z + 2*y = -66, -3*y = 5*z - y - 144. Let f = z - 21. What is the remainder when w is divided by f?
8
Let p = -9 - -15. What is the remainder when 45 is divided by 737/33 + 4/p?
22
Let x(s) = -s**2 - 8*s - 6. Suppose 0 = -l + 2. Suppose 0 = 2*q + l, -4*q - 4 = n + 5. Calculate the remainder when 33 is divided by x(n).
6
Let j = -8 - -27. Let d = 27 + -7. Suppose -d + 75 = x. What is the remainder when x is divided by j?
17
Suppose -3*r + 0*r + 37 = n, 4*n = 4*r - 28. Let j be 10/(-2)*(-16)/10. Calculate the remainder when 425/20 + (-2)/j is divided by r.
10
Let k(x) = -x**3 + 9*x**2 + 11*x + 7. Let c = 42 - -23. What is the remainder when c is divided by k(10)?
14
Let t(y) = 22*y - 3. Calculate the remainder when 35 is divided by t(1).
16
Let p(g) = -g**2 - 9*g + 3. Let i be p(-9). Suppose i*d - 7*d + 68 = 0. Calculate the remainder when 33 is divided by d.
16
Let a = 44 + 22. Let o = -28 + a. What is the remainder when o is divided by 10?
8
Suppose -3*u - 4*m - 8 = -40, -2*m - 36 = -5*u. Let c = u + -3. Calculate the remainder when 7 is divided by c.
2
Suppose v - x - 16 = 0, -5*v + 116 = -3*x + 28. Calculate the remainder when 58 is divided by v.
18
Calculate the remainder when 1*4 - (-113 - 10) is divided by 32.
31
Suppose -2*f = -i - 11, -f + 0*i = 4*i + 17. Let g = 6 - f. What is the remainder when 8 is divided by g?
2
Suppose -26*j - 134 = -28*j. What is the remainder when j is divided by 17?
16
Suppose -1 + 13 = s. Let i = 42 - 7. What is the remainder when i is divided by s?
11
Let f(u) = -u**2 - 6*u. Let v be f(-6). Suppose 0*d = 3*d + 3, -2*g + 2*d + 28 = v. What is the remainder when g is divided by 4?
1
Let t be (-4)/(-14) + (-48)/21. Let m be ((-3)/t)/((-3)/40). Let w = -9 - m. Calculate the remainder when 21 is divided by w.
10
Let q(n) = -n**2 + 8*n + 4. Let k be q(8). Let a be 9/(-6) + 366/k. Suppose 20 - a = -5*w. Calculate the remainder when w is divided by 8.
6
Let j = 68 + -48. Suppose -s - 3 = 2*s - 3*p, 4*s + 3 = 5*p. What is the remainder when j is divided by ((-7)/s)/((-2)/(-4))?
6
Let u be 12/(-18) + 145/(-3). Let g = u + 73. What is the remainder when g is divided by (-29)/(-3) + 18/(-27)?
6
Let g(l) = 143*l**2 - 2. Let d be g(3). What is the remainder when (-2)/(-7) - d/(-35) is divided by 19?
18
Suppose -13 = -i - b + 11, 5*b - 28 = -i. What is the remainder when i is divided by 14?
9
Suppose -4*s = -3*w - 126, 3*s = -2*s - 4*w + 173. What is the remainder when s is divided by 4?
1
Let p(u) = 4*u - 2. Let l be 42/30 + 3/5. Calculate the remainder when p(l) is divided by (-3)/(-12) - (-15)/4.
2
Let m(s) = s**3 + 17*s**2 + 22*s + 3. Calculate the remainder when m(-15) is divided by 21.
18
Suppose 0*b - b = 2*r, b + 2 = -3*r. Let l = r + 13. What is the remainder when (-5 - -29) + (-6)/2 is divided by l?
10
What is the remainder when 98 is divided by (-11)/((-3)/9 + (-1 - -1))?
32
Suppose -5*g + 4*a = -42, -1 = g - 3*a - 5. Suppose 0 = 5*x - g*x + 45. Calculate the remainder when x is divided by 6.
3
Let s = 6 - 3. What is the remainder when s is divided by 3?
0
Suppose 11 = -c + 35. Calculate the remainder when 93 is divided by c.
21
Suppose 0 = -3*q + 4*q - 7. Let b(f) = 4*f + 4. What is the remainder when q is divided by b(0)?
3
Let x be ((-12)/15)/(2/50). Let c be x/(-6)*(-